. What is the units digit of w?
1
Suppose 4*a - g - 2*g + 20 = 0, 5*a + 6 = -g. Let f be -1*(-2 + 4) + a. What is the units digit of 68/12 - f/(-6)?
5
Let r = -46 + 81. What is the units digit of r?
5
Suppose 4*o = 12, -a + 4*a - o - 681 = 0. What is the tens digit of a?
2
Let a = 11 - 0. What is the tens digit of a?
1
Let w(i) = i**3 + 3*i**2. Let t be w(-3). Suppose t*b + 3*b = 63. Let p = b - 12. What is the units digit of p?
9
Let o(r) = -r + 9. Suppose 0 = 2*b - 3*b - 4, 2*s + 4*b + 32 = 0. What is the tens digit of o(s)?
1
Let u be (3/2)/(3/4). Suppose -u*q + q = -23. What is the tens digit of q?
2
Let v(h) = h**3 + h**2 - 2*h - 1. Let q be v(-2). What is the units digit of (-66)/(-9) + q/3?
7
Let t = -8 - -5. Let x be (-1)/2 + 22/(-4). What is the tens digit of 22 - t/(9/x)?
2
Suppose 0 = 2*t - 0 - 152. What is the units digit of t?
6
Let l(i) = -6*i + 2*i + i + 0*i - 1. What is the units digit of l(-3)?
8
Suppose 0 = w - 2, -3*y - 2*w + 455 + 113 = 0. What is the hundreds digit of y?
1
Suppose -3*b = -4*b + 3*q + 40, 0 = 3*b + q - 90. Let s = -16 + b. What is the tens digit of s?
1
Let g be (-2 - -1) + 8 + -2. Let q(r) = r - 4. What is the units digit of q(g)?
1
Let x = 38 - 13. Suppose -y + 4*y - 9 = 0. Suppose -2*o + x = y*o. What is the units digit of o?
5
Let s(r) be the third derivative of -r**5/60 + r**4/3 - r**3 + 2*r**2. Suppose 2*a - 7 = 7. What is the units digit of s(a)?
1
Let o be (2/4)/1*6. Let y(m) = -m. Let w be y(o). Let i = w + 15. What is the tens digit of i?
1
Suppose -46 = -2*m + 2*c, -6*c = 2*m - c - 74. What is the units digit of m?
7
Let a be 2/(1 - 3)*-22. Suppose 2*b - 2 = -m, m + 2*m = 2*b + a. Let w = 11 + m. What is the tens digit of w?
1
Suppose -3*t - 2*t = -130. What is the tens digit of t?
2
Suppose 5*g - 2*c = -23, -2*c + 3*c = 2*g + 9. Let y = -1 - g. Suppose 2*x = y*x - 5*o - 13, -2*x = -4*o - 16. What is the units digit of x?
4
Let z(y) = y**2. Let s be z(-2). Suppose 12 = -4*v, 2*v + 39 = s*g + v. What is the units digit of g?
9
Suppose 4*p - 6*p = -18. Let m = p - 7. Suppose 0 = m*i - 23 - 1. What is the units digit of i?
2
Let h(x) = -x + 9. Let o be h(9). Let t be (o - 3/(-3)) + 5. What is the units digit of (16/t)/(4/12)?
8
Let u(t) = -19*t - 33. What is the hundreds digit of u(-14)?
2
Suppose -10*d + 5*d = -160. What is the units digit of d?
2
Let c = 4 + 17. What is the tens digit of c?
2
Suppose -23 = -5*b - 3. Let w be 14/(-3)*(1 + -4). Suppose -2*m - 16 = -4*n, -5*m - w = -3*n - b*m. What is the units digit of n?
6
Suppose j + 2 - 57 = 0. What is the tens digit of j?
5
Suppose 40 = r - 2*u, 5*u - 49 = -3*r + 16. What is the tens digit of r?
3
What is the tens digit of (-1064)/(-8) - (4 + -1)?
3
What is the hundreds digit of 6/10 + -199*(-3)/5?
1
What is the units digit of 30 + ((-6)/(-3))/(-2)?
9
Suppose -18 = f - n + 6*n, -4*f = n - 4. What is the tens digit of 1 - -12 - 0/f?
1
Let n(k) be the second derivative of k**5/20 - k**4/6 - k**3/3 + 3*k**2/2 - k. Let x be n(3). Suppose -q = -4*q + x. What is the units digit of q?
2
What is the units digit of (-1)/(-2)*(-1332)/(-18)?
7
Let b(r) = -3*r**3 + r**2 + 6*r + 1. Let t(k) = -4*k**3 + k**2 + 7*k + 1. Let n(w) = 6*b(w) - 5*t(w). What is the units digit of n(2)?
3
Let p(l) = -12*l + 15. Let n be p(6). Let i = -23 - n. What is the units digit of i?
4
Let g(f) = -8*f**2 - 15*f - 26. Let z(x) = 3*x**2 + 5*x + 9. Let t(w) = 4*g(w) + 11*z(w). What is the units digit of t(6)?
1
Suppose -8 = b + 8. Let l be 24/b*(-8)/3. Suppose p = -v + 6, -3 + l = v. What is the units digit of p?
5
Suppose 2*v - 4 - 8 = 0. Let c(m) = m**2 - 6*m + 1. Let t be c(v). Let a = t + 1. What is the units digit of a?
2
What is the units digit of 10/(-25) - (-82)/5?
6
Suppose 2*t - z = -0*z + 6, 3*z = 3*t - 12. What is the units digit of (-1)/((2*-1)/t)?
1
Let f(h) = 4 - 6 + 0 + 2*h. What is the units digit of f(3)?
4
Let g(f) be the first derivative of -f**2/2 + 9*f - 9. What is the units digit of g(7)?
2
Let h(o) = -3*o**2 - 2*o + 1. Let t be (6/(-3))/(-1 - 1). Let x be h(t). Let b(c) = -c**2 - 7*c - 5. What is the units digit of b(x)?
7
Let m(k) = -1. Suppose -t = -0*y - y - 4, 4*t = 2*y + 10. Let z(c) = 5*c + 1. Let p(s) = t*z(s) + 3*m(s). What is the units digit of p(2)?
8
Suppose -h = 5*b + 23, -4*h = b + 1 + 15. Let r(m) = -2*m - 6. Let o be r(b). Suppose -3*n + 15 = o*n. What is the units digit of n?
3
Let r = 124 - 24. What is the units digit of r?
0
Let g(u) = u**3 + 7*u**2 - 9*u + 2. Let h be g(-8). What is the units digit of 6/h + (-2)/(-5)?
1
Let f = 126 + -62. What is the units digit of f?
4
What is the units digit of -4 - (2/(-2) - 3*64)?
9
Let j = 143 - 48. What is the units digit of j?
5
Suppose 5*a - 5*m - 1275 = 0, 0 = -4*a + 3*m - 6*m + 999. What is the tens digit of a?
5
Suppose 4*i - d = 3*d + 240, d = 5*i - 304. What is the units digit of i?
1
Let w be (-1)/(-1)*(-1 - -6). Suppose -w*g + g = -40. Let y = 23 - g. What is the tens digit of y?
1
Let f(d) = 6*d**2 + 3*d - 3*d - 3*d**3 - d - 4*d + 1. Let s(q) = 2*q**3 - 3*q**2 + 2*q - 1. Let c(j) = 3*f(j) + 5*s(j). What is the units digit of c(-4)?
2
Let n be (-34)/(-3 - (-3 + 2)). Suppose -4*o + 3*o + n = 0. What is the units digit of o?
7
Let c(g) = -g**3 + 2*g**3 - g**2 + 2 + 7. Suppose -4*f + 4 = -v, -4*v + f - 4 = -3. What is the units digit of c(v)?
9
Let s = 148 + -88. What is the tens digit of s?
6
Suppose 16 = 4*o, 0 = 5*d - o - o - 252. What is the tens digit of d?
5
Let v(b) = -1 + 5 + 3 - 4 - b. Let x be v(3). Suppose -3*h + 5 + 13 = x. What is the units digit of h?
6
Suppose 2*m + 5*r = 4*m - 23, -2*m = r + 7. What is the tens digit of (-1 + 43)*m/(-3)?
1
Let j(a) = a**3 - 2*a**2 + 4*a + 1. What is the units digit of j(3)?
2
Let f = -27 + 63. What is the units digit of f?
6
Let k = 466 - 257. What is the units digit of k?
9
Suppose -4*h + 8 = -0. Suppose 0*l = -4*l, 5*l = h*z - 8. What is the units digit of z?
4
Suppose h - 200 = -j, -h + j + 29 = -169. What is the units digit of h?
9
Let h(s) be the third derivative of 0*s**4 - s**2 - 1/60*s**5 + 0*s + 0 + 1/3*s**3. What is the units digit of h(0)?
2
Let a be -2*(2 - (-1 - -1)). What is the units digit of (a - -5) + (-2 - -3)?
2
Let u be 10 - (3 - (1 - 1)). Let c(s) = s + 5. What is the units digit of c(u)?
2
What is the units digit of (1/1 - 4) + 27?
4
Suppose -x + 5*u + 42 = 0, -2*x + 0*x = 3*u - 58. What is the tens digit of x?
3
Let t = -3 - -77. What is the units digit of t?
4
Let f be 4/4*(56 + -2). Suppose 0 = -3*v - 0*v - f. What is the tens digit of (-4)/v - 440/(-45)?
1
Suppose -4*q + 3*d + 14 = 0, 3*d - 4 = -2*q + 6*d. What is the units digit of q?
5
Let c(u) = 0*u**2 - 1 - 3*u - u**2 + 5. Let y be c(-3). Suppose y*n - 17 = -k, 3*k + 1 + 12 = 4*n. What is the units digit of k?
1
Let l = -20 - -188. What is the units digit of l?
8
Let j be 5 + 1 - (-1 + 1). Suppose j*z - 4*z = -d + 25, 0 = -3*z - 3. What is the tens digit of d?
2
Let o be (-6)/2 + (-2)/(-1). What is the units digit of o/(-4) - (-46)/8?
6
Let v = -10 - -5. Let t(d) = d**2 + 3*d + 1. What is the units digit of t(v)?
1
Suppose -91 = -3*t - 1. Suppose -t = z - 4*z. What is the units digit of 26/z + (-4)/(-10)?
3
Suppose -3*v + 4*r - 8 = 0, 5*v + 0*r - 5 = 3*r. Suppose -v*z + 71 = -85. What is the units digit of z?
9
Suppose -6*c + 48 = -2*c. Suppose -2*o = p - c, 2*o = -3*p - 9 + 25. What is the units digit of p?
2
Suppose 2*i + 6 = -j - 2*j, -4*i - 2 = j. Let z = -1 + i. What is the units digit of 0 + 1 + 8 + z?
8
Let b(z) = -z**2 + 17*z + 6. What is the units digit of b(13)?
8
Let d be (7 - 1)/((-6)/(-4)). Suppose -d*v + 16 = -48. What is the units digit of v?
6
Let u(w) be the second derivative of -w**5/20 - 3*w**4/4 - w**3/6 - 2*w**2 - 8*w. What is the units digit of u(-9)?
5
Suppose 3*m - 4*m = -14. What is the tens digit of m?
1
Let w(x) be the third derivative of x**4/24 + 7*x**3/3 + 5*x**2. What is the units digit of w(-5)?
9
Suppose 21 = -o - 5*u, -5*u - 54 = o + 3*o. Let y = -5 - o. What is the units digit of y?
6
Suppose -2*a = -2 - 4. Suppose -4*k + 5 = -a*k. What is the units digit of k?
5
Let k be (-1)/(-5) - 1218/15. Let j = 114 + k. What is the units digit of j?
3
Let o = 8 - -53. What is the tens digit of o?
6
Suppose -4*a + 3*f = -73, -4*a - a = 3*